{"id":5675,"date":"2025-05-06T10:33:35","date_gmt":"2025-05-06T14:33:35","guid":{"rendered":"https:\/\/ratingspcr.com.mx\/ww2\/?page_id=5675"},"modified":"2025-05-08T10:26:43","modified_gmt":"2025-05-08T14:26:43","slug":"eventos","status":"publish","type":"page","link":"https:\/\/ratingspcr.com.mx\/ww2\/eventos\/","title":{"rendered":"Eventos"},"content":{"rendered":"\t\t<div data-elementor-type=\"wp-page\" data-elementor-id=\"5675\" class=\"elementor elementor-5675\" data-elementor-post-type=\"page\">\n\t\t\t\t\t\t<section class=\"elementor-section elementor-top-section elementor-element elementor-element-3ac82c4 elementor-section-full_width elementor-section-stretched elementor-section-height-default elementor-section-height-default\" data-id=\"3ac82c4\" data-element_type=\"section\" data-e-type=\"section\" data-settings=\"{&quot;jet_parallax_layout_list&quot;:[{&quot;jet_parallax_layout_image&quot;:{&quot;url&quot;:&quot;&quot;,&quot;id&quot;:&quot;&quot;,&quot;size&quot;:&quot;&quot;},&quot;_id&quot;:&quot;2125e0c&quot;,&quot;jet_parallax_layout_image_tablet&quot;:{&quot;url&quot;:&quot;&quot;,&quot;id&quot;:&quot;&quot;,&quot;size&quot;:&quot;&quot;},&quot;jet_parallax_layout_image_mobile&quot;:{&quot;url&quot;:&quot;&quot;,&quot;id&quot;:&quot;&quot;,&quot;size&quot;:&quot;&quot;},&quot;jet_parallax_layout_speed&quot;:{&quot;unit&quot;:&quot;%&quot;,&quot;size&quot;:50,&quot;sizes&quot;:[]},&quot;jet_parallax_layout_type&quot;:&quot;scroll&quot;,&quot;jet_parallax_layout_direction&quot;:null,&quot;jet_parallax_layout_fx_direction&quot;:null,&quot;jet_parallax_layout_z_index&quot;:&quot;&quot;,&quot;jet_parallax_layout_bg_x&quot;:50,&quot;jet_parallax_layout_bg_x_tablet&quot;:&quot;&quot;,&quot;jet_parallax_layout_bg_x_mobile&quot;:&quot;&quot;,&quot;jet_parallax_layout_bg_y&quot;:50,&quot;jet_parallax_layout_bg_y_tablet&quot;:&quot;&quot;,&quot;jet_parallax_layout_bg_y_mobile&quot;:&quot;&quot;,&quot;jet_parallax_layout_bg_size&quot;:&quot;auto&quot;,&quot;jet_parallax_layout_bg_size_tablet&quot;:&quot;&quot;,&quot;jet_parallax_layout_bg_size_mobile&quot;:&quot;&quot;,&quot;jet_parallax_layout_animation_prop&quot;:&quot;transform&quot;,&quot;jet_parallax_layout_on&quot;:[&quot;desktop&quot;,&quot;tablet&quot;]}],&quot;background_background&quot;:&quot;classic&quot;,&quot;stretch_section&quot;:&quot;section-stretched&quot;}\">\n\t\t\t\t\t\t<div class=\"elementor-container elementor-column-gap-no\">\n\t\t\t\t\t<div class=\"elementor-column elementor-col-100 elementor-top-column elementor-element elementor-element-884caf3\" data-id=\"884caf3\" data-element_type=\"column\" data-e-type=\"column\">\n\t\t\t<div class=\"elementor-widget-wrap elementor-element-populated\">\n\t\t\t\t\t\t<div class=\"elementor-element elementor-element-f550173 elementor-widget elementor-widget-text-editor\" data-id=\"f550173\" data-element_type=\"widget\" data-e-type=\"widget\" data-widget_type=\"text-editor.default\">\n\t\t\t\t\t\t\t\t\t<p>Actividades y eventos<\/p>\t\t\t\t\t\t\t\t<\/div>\n\t\t\t\t\t<\/div>\n\t\t<\/div>\n\t\t\t\t\t<\/div>\n\t\t<\/section>\n\t\t\t\t<section class=\"elementor-section elementor-top-section elementor-element elementor-element-e2d8baf elementor-section-full_width elementor-section-stretched elementor-section-height-default elementor-section-height-default\" data-id=\"e2d8baf\" data-element_type=\"section\" data-e-type=\"section\" data-settings=\"{&quot;jet_parallax_layout_list&quot;:[{&quot;jet_parallax_layout_image&quot;:{&quot;url&quot;:&quot;&quot;,&quot;id&quot;:&quot;&quot;,&quot;size&quot;:&quot;&quot;},&quot;_id&quot;:&quot;2125e0c&quot;,&quot;jet_parallax_layout_image_tablet&quot;:{&quot;url&quot;:&quot;&quot;,&quot;id&quot;:&quot;&quot;,&quot;size&quot;:&quot;&quot;},&quot;jet_parallax_layout_image_mobile&quot;:{&quot;url&quot;:&quot;&quot;,&quot;id&quot;:&quot;&quot;,&quot;size&quot;:&quot;&quot;},&quot;jet_parallax_layout_speed&quot;:{&quot;unit&quot;:&quot;%&quot;,&quot;size&quot;:50,&quot;sizes&quot;:[]},&quot;jet_parallax_layout_type&quot;:&quot;scroll&quot;,&quot;jet_parallax_layout_direction&quot;:null,&quot;jet_parallax_layout_fx_direction&quot;:null,&quot;jet_parallax_layout_z_index&quot;:&quot;&quot;,&quot;jet_parallax_layout_bg_x&quot;:50,&quot;jet_parallax_layout_bg_x_tablet&quot;:&quot;&quot;,&quot;jet_parallax_layout_bg_x_mobile&quot;:&quot;&quot;,&quot;jet_parallax_layout_bg_y&quot;:50,&quot;jet_parallax_layout_bg_y_tablet&quot;:&quot;&quot;,&quot;jet_parallax_layout_bg_y_mobile&quot;:&quot;&quot;,&quot;jet_parallax_layout_bg_size&quot;:&quot;auto&quot;,&quot;jet_parallax_layout_bg_size_tablet&quot;:&quot;&quot;,&quot;jet_parallax_layout_bg_size_mobile&quot;:&quot;&quot;,&quot;jet_parallax_layout_animation_prop&quot;:&quot;transform&quot;,&quot;jet_parallax_layout_on&quot;:[&quot;desktop&quot;,&quot;tablet&quot;]}],&quot;background_background&quot;:&quot;classic&quot;,&quot;stretch_section&quot;:&quot;section-stretched&quot;}\">\n\t\t\t\t\t\t<div class=\"elementor-container elementor-column-gap-no\">\n\t\t\t\t\t<div class=\"elementor-column elementor-col-100 elementor-top-column elementor-element elementor-element-2753738\" data-id=\"2753738\" data-element_type=\"column\" data-e-type=\"column\">\n\t\t\t<div class=\"elementor-widget-wrap elementor-element-populated\">\n\t\t\t\t\t\t<div class=\"elementor-element elementor-element-d2d75a2 elementor-widget__width-inherit elementor-widget elementor-widget-jet-posts\" data-id=\"d2d75a2\" data-element_type=\"widget\" data-e-type=\"widget\" data-settings=\"{&quot;columns_mobile&quot;:&quot;2&quot;,&quot;columns&quot;:3,&quot;slides_to_scroll&quot;:&quot;1&quot;}\" data-widget_type=\"jet-posts.default\">\n\t\t\t\t<div class=\"elementor-widget-container\">\n\t\t\t\t\t<div class=\"elementor-jet-posts jet-elements\"><div class=\"jet-carousel elementor-slick-slider\" data-slider_options=\"{&quot;autoplaySpeed&quot;:5000,&quot;autoplay&quot;:false,&quot;infinite&quot;:true,&quot;pauseOnHover&quot;:false,&quot;speed&quot;:500,&quot;arrows&quot;:true,&quot;dots&quot;:false,&quot;slidesToScroll&quot;:1,&quot;prevArrow&quot;:&quot;.jet-posts__prev-arrow-d2d75a2&quot;,&quot;nextArrow&quot;:&quot;.jet-posts__next-arrow-d2d75a2&quot;,&quot;rtl&quot;:false}\" dir=\"ltr\"><div class=\"jet-posts col-row  jet-equal-cols\"><div class=\"jet-posts__prev-arrow-d2d75a2 jet-arrow prev-arrow\"><svg aria-hidden=\"true\" class=\"e-font-icon-svg e-fas-angle-left\" viewBox=\"0 0 256 512\" xmlns=\"http:\/\/www.w3.org\/2000\/svg\"><path d=\"M31.7 239l136-136c9.4-9.4 24.6-9.4 33.9 0l22.6 22.6c9.4 9.4 9.4 24.6 0 33.9L127.9 256l96.4 96.4c9.4 9.4 9.4 24.6 0 33.9L201.7 409c-9.4 9.4-24.6 9.4-33.9 0l-136-136c-9.5-9.4-9.5-24.6-.1-34z\"><\/path><\/svg><\/div><div class=\"jet-posts__next-arrow-d2d75a2 jet-arrow next-arrow\"><svg aria-hidden=\"true\" class=\"e-font-icon-svg e-fas-angle-right\" viewBox=\"0 0 256 512\" xmlns=\"http:\/\/www.w3.org\/2000\/svg\"><path d=\"M224.3 273l-136 136c-9.4 9.4-24.6 9.4-33.9 0l-22.6-22.6c-9.4-9.4-9.4-24.6 0-33.9l96.4-96.4-96.4-96.4c-9.4-9.4-9.4-24.6 0-33.9L54.3 103c9.4-9.4 24.6-9.4 33.9 0l136 136c9.5 9.4 9.5 24.6.1 34z\"><\/path><\/svg><\/div><div class=\"jet-posts__item\">\n\t<div class=\"jet-posts__inner-box\"><div class=\"post-thumbnail\"><a href=\"https:\/\/ratingspcr.com.mx\/ww2\/pcr-primera-latam-registro-nrsro-sec\/\" class=\"post-thumbnail__link\"><img loading=\"lazy\" decoding=\"async\" class=\"post-thumbnail__img wp-post-image\" src=\"https:\/\/ratingspcr.com.mx\/ww2\/wp-content\/uploads\/2026\/01\/imagen.jpg\" alt=\"Pacific Credit Rating obtiene registro como NRSRO de la Securities and Exchange Commission (SEC)\" loading=\"lazy\" width=\"800\" height=\"474\"><\/a><\/div><div class=\"jet-posts__inner-content\"><h4 class=\"entry-title\"><a href=\"https:\/\/ratingspcr.com.mx\/ww2\/pcr-primera-latam-registro-nrsro-sec\/\" target=\"\">Pacific Credit Rating obtiene registro como NRSRO de...<\/a><\/h4><div class=\"post-meta\"><span class=\"post__date post-meta__item\"><a href=\"https:\/\/ratingspcr.com.mx\/ww2\/2026\/01\/09\/\"  class=\"post__date-link\" ><time datetime=\"2026-01-09T17:26:33-04:00\" title=\"2026-01-09T17:26:33-04:00\">09\/01\/2026<\/time><\/a><\/span><\/div><div class=\"entry-excerpt\">Clasificadora de Riesgo Pacific Credit Rating SAC (PCR) informa que la Securities and Exchange Commission (SEC) de Estados Unidos emiti\u00f3&hellip;<\/div><div class=\"jet-more-wrap\"><a href=\"https:\/\/ratingspcr.com.mx\/ww2\/pcr-primera-latam-registro-nrsro-sec\/\" class=\"btn btn-primary elementor-button elementor-size-md jet-more\" target=\"\"><span class=\"btn__text\">Leer M\u00e1s<\/span><\/a><\/div><\/div><\/div>\n<\/div>\n<div class=\"jet-posts__item\">\n\t<div class=\"jet-posts__inner-box\"><div class=\"post-thumbnail\"><a href=\"https:\/\/ratingspcr.com.mx\/ww2\/fimva-guatemala-2025\/\" class=\"post-thumbnail__link\"><img loading=\"lazy\" decoding=\"async\" class=\"post-thumbnail__img wp-post-image\" src=\"https:\/\/ratingspcr.com.mx\/ww2\/wp-content\/uploads\/2025\/08\/Thumbnails-1.jpg\" alt=\"FIMVA GUATEMALA 2025\" loading=\"lazy\" width=\"960\" height=\"568\"><\/a><\/div><div class=\"jet-posts__inner-content\"><h4 class=\"entry-title\"><a href=\"https:\/\/ratingspcr.com.mx\/ww2\/fimva-guatemala-2025\/\" target=\"\">FIMVA GUATEMALA 2025<\/a><\/h4><div class=\"post-meta\"><span class=\"post__date post-meta__item\"><a href=\"https:\/\/ratingspcr.com.mx\/ww2\/2025\/08\/06\/\"  class=\"post__date-link\" ><time datetime=\"2025-08-06T17:52:58-04:00\" title=\"2025-08-06T17:52:58-04:00\">06\/08\/2025<\/time><\/a><\/span><\/div><div class=\"entry-excerpt\">Participaremos en el principal evento burs\u00e1til de la regi\u00f3n, fortaleciendo alianzas y compartiendo visi\u00f3n estrat\u00e9gica para impulsar mercados sostenibles e&hellip;<\/div><div class=\"jet-more-wrap\"><a href=\"https:\/\/ratingspcr.com.mx\/ww2\/fimva-guatemala-2025\/\" class=\"btn btn-primary elementor-button elementor-size-md jet-more\" target=\"\"><span class=\"btn__text\">Leer M\u00e1s<\/span><\/a><\/div><\/div><\/div>\n<\/div>\n<div class=\"jet-posts__item\">\n\t<div class=\"jet-posts__inner-box\"><div class=\"post-thumbnail\"><a href=\"https:\/\/ratingspcr.com.mx\/ww2\/mas-alla-de-la-tasa-de-interes\/\" class=\"post-thumbnail__link\"><img loading=\"lazy\" decoding=\"async\" class=\"post-thumbnail__img wp-post-image\" src=\"https:\/\/ratingspcr.com.mx\/ww2\/wp-content\/uploads\/2024\/09\/Mas-Alla-de-la-Tasa-de-Interes-1-1080x640.png\" alt=\"M\u00e1s all\u00e1 de la tasa de inter\u00e9s\" loading=\"lazy\" width=\"1080\" height=\"640\"><\/a><\/div><div class=\"jet-posts__inner-content\"><h4 class=\"entry-title\"><a href=\"https:\/\/ratingspcr.com.mx\/ww2\/mas-alla-de-la-tasa-de-interes\/\" target=\"\">M\u00e1s all\u00e1 de la tasa de inter\u00e9s<\/a><\/h4><div class=\"post-meta\"><span class=\"post__date post-meta__item\"><a href=\"https:\/\/ratingspcr.com.mx\/ww2\/2024\/09\/19\/\"  class=\"post__date-link\" ><time datetime=\"2024-09-19T14:00:21-04:00\" title=\"2024-09-19T14:00:21-04:00\">19\/09\/2024<\/time><\/a><\/span><\/div><div class=\"entry-excerpt\">Nos sentimos honrados de haber contado con la participac\u00f3n de nuestro presidente, Oscar Jasaui, quien present\u00f3 la ponencia \"2024: M\u00e1s&hellip;<\/div><div class=\"jet-more-wrap\"><a href=\"https:\/\/ratingspcr.com.mx\/ww2\/mas-alla-de-la-tasa-de-interes\/\" class=\"btn btn-primary elementor-button elementor-size-md jet-more\" target=\"\"><span class=\"btn__text\">Leer M\u00e1s<\/span><\/a><\/div><\/div><\/div>\n<\/div>\n<div class=\"jet-posts__item\">\n\t<div class=\"jet-posts__inner-box\"><div class=\"post-thumbnail\"><a href=\"https:\/\/ratingspcr.com.mx\/ww2\/foro-de-atraccion-de-nuevos-emisores-2024\/\" class=\"post-thumbnail__link\"><img loading=\"lazy\" decoding=\"async\" class=\"post-thumbnail__img wp-post-image\" src=\"https:\/\/ratingspcr.com.mx\/ww2\/wp-content\/uploads\/2024\/09\/Foro-de-Atraccion-de-Emisores-1080x640.png\" alt=\"Foro de Atracci\u00f3n de Nuevos Emisores 2024\" loading=\"lazy\" width=\"1080\" height=\"640\"><\/a><\/div><div class=\"jet-posts__inner-content\"><h4 class=\"entry-title\"><a href=\"https:\/\/ratingspcr.com.mx\/ww2\/foro-de-atraccion-de-nuevos-emisores-2024\/\" target=\"\">Foro de Atracci\u00f3n de Nuevos Emisores 2024<\/a><\/h4><div class=\"post-meta\"><span class=\"post__date post-meta__item\"><a href=\"https:\/\/ratingspcr.com.mx\/ww2\/2024\/09\/18\/\"  class=\"post__date-link\" ><time datetime=\"2024-09-18T14:48:00-04:00\" title=\"2024-09-18T14:48:00-04:00\">18\/09\/2024<\/time><\/a><\/span><\/div><div class=\"entry-excerpt\">Estamos a pocos d\u00edas para llevar a cabo el \"Foro de Atracci\u00f3n de Nuevos Emisores 2024\" en la Ciudad de&hellip;<\/div><div class=\"jet-more-wrap\"><a href=\"https:\/\/ratingspcr.com.mx\/ww2\/foro-de-atraccion-de-nuevos-emisores-2024\/\" class=\"btn btn-primary elementor-button elementor-size-md jet-more\" target=\"\"><span class=\"btn__text\">Leer M\u00e1s<\/span><\/a><\/div><\/div><\/div>\n<\/div>\n<\/div>\n<\/div><\/div>\t\t\t\t<\/div>\n\t\t\t\t<\/div>\n\t\t\t\t\t<\/div>\n\t\t<\/div>\n\t\t\t\t\t<\/div>\n\t\t<\/section>\n\t\t\t\t<\/div>\n\t\t","protected":false},"excerpt":{"rendered":"<p>Actividades y eventos M\u00e1s all\u00e1 de la tasa de inter\u00e9s 19\/09\/2024Nos sentimos honrados de haber contado con la participac\u00f3n de nuestro presidente, Oscar Jasaui, quien present\u00f3 la ponencia \u00ab2024: M\u00e1s&hellip;Leer M\u00e1s Foro de Atracci\u00f3n de Nuevos Emisores 2024 18\/09\/2024Estamos a pocos d\u00edas para llevar a cabo el \u00abForo de Atracci\u00f3n de Nuevos Emisores 2024\u00bb en [&hellip;]<\/p>\n","protected":false},"author":7,"featured_media":0,"parent":0,"menu_order":0,"comment_status":"closed","ping_status":"closed","template":"","meta":{"om_disable_all_campaigns":false,"_monsterinsights_skip_tracking":false,"_monsterinsights_sitenote_active":false,"_monsterinsights_sitenote_note":"","_monsterinsights_sitenote_category":0,"_uf_show_specific_survey":0,"_uf_disable_surveys":false,"footnotes":""},"class_list":["post-5675","page","type-page","status-publish","hentry"],"yoast_head":"<!-- This site is optimized with the Yoast SEO plugin v27.3 - https:\/\/yoast.com\/product\/yoast-seo-wordpress\/ -->\n<title>Eventos - PCR - Pacific Credit Rating - Calificadora de Riesgos<\/title>\n<meta name=\"robots\" content=\"index, follow, max-snippet:-1, max-image-preview:large, max-video-preview:-1\" \/>\n<link rel=\"canonical\" href=\"https:\/\/ratingspcr.com.mx\/ww2\/eventos\/\" \/>\n<meta property=\"og:locale\" content=\"es_ES\" \/>\n<meta property=\"og:type\" content=\"article\" \/>\n<meta property=\"og:title\" content=\"Eventos - PCR - Pacific Credit Rating - Calificadora de Riesgos\" \/>\n<meta property=\"og:description\" content=\"Actividades y eventos M\u00e1s all\u00e1 de la tasa de inter\u00e9s 19\/09\/2024Nos sentimos honrados de haber contado con la participac\u00f3n de nuestro presidente, Oscar Jasaui, quien present\u00f3 la ponencia \u00ab2024: M\u00e1s&hellip;Leer M\u00e1s Foro de Atracci\u00f3n de Nuevos Emisores 2024 18\/09\/2024Estamos a pocos d\u00edas para llevar a cabo el \u00abForo de Atracci\u00f3n de Nuevos Emisores 2024\u00bb en [&hellip;]\" \/>\n<meta property=\"og:url\" content=\"https:\/\/ratingspcr.com.mx\/ww2\/eventos\/\" \/>\n<meta property=\"og:site_name\" content=\"PCR - Pacific Credit Rating - Calificadora de Riesgos\" \/>\n<meta property=\"article:modified_time\" content=\"2025-05-08T14:26:43+00:00\" \/>\n<meta property=\"og:image\" content=\"https:\/\/ratingspcr.com.mx\/ww2\/wp-content\/uploads\/2024\/09\/Mas-Alla-de-la-Tasa-de-Interes-1-1080x640.png\" \/>\n<meta name=\"twitter:card\" content=\"summary_large_image\" \/>\n<meta name=\"twitter:label1\" content=\"Tiempo de lectura\" \/>\n\t<meta name=\"twitter:data1\" content=\"1 minuto\" \/>\n<script type=\"application\/ld+json\" class=\"yoast-schema-graph\">{\"@context\":\"https:\\\/\\\/schema.org\",\"@graph\":[{\"@type\":\"WebPage\",\"@id\":\"https:\\\/\\\/ratingspcr.com.mx\\\/ww2\\\/eventos\\\/\",\"url\":\"https:\\\/\\\/ratingspcr.com.mx\\\/ww2\\\/eventos\\\/\",\"name\":\"Eventos - PCR - Pacific Credit Rating - Calificadora de Riesgos\",\"isPartOf\":{\"@id\":\"https:\\\/\\\/ratingspcr.com.mx\\\/ww2\\\/#website\"},\"primaryImageOfPage\":{\"@id\":\"https:\\\/\\\/ratingspcr.com.mx\\\/ww2\\\/eventos\\\/#primaryimage\"},\"image\":{\"@id\":\"https:\\\/\\\/ratingspcr.com.mx\\\/ww2\\\/eventos\\\/#primaryimage\"},\"thumbnailUrl\":\"https:\\\/\\\/ratingspcr.com.mx\\\/ww2\\\/wp-content\\\/uploads\\\/2024\\\/09\\\/Mas-Alla-de-la-Tasa-de-Interes-1-1080x640.png\",\"datePublished\":\"2025-05-06T14:33:35+00:00\",\"dateModified\":\"2025-05-08T14:26:43+00:00\",\"breadcrumb\":{\"@id\":\"https:\\\/\\\/ratingspcr.com.mx\\\/ww2\\\/eventos\\\/#breadcrumb\"},\"inLanguage\":\"es\",\"potentialAction\":[{\"@type\":\"ReadAction\",\"target\":[\"https:\\\/\\\/ratingspcr.com.mx\\\/ww2\\\/eventos\\\/\"]}]},{\"@type\":\"ImageObject\",\"inLanguage\":\"es\",\"@id\":\"https:\\\/\\\/ratingspcr.com.mx\\\/ww2\\\/eventos\\\/#primaryimage\",\"url\":\"https:\\\/\\\/ratingspcr.com.mx\\\/ww2\\\/wp-content\\\/uploads\\\/2024\\\/09\\\/Mas-Alla-de-la-Tasa-de-Interes-1-1080x640.png\",\"contentUrl\":\"https:\\\/\\\/ratingspcr.com.mx\\\/ww2\\\/wp-content\\\/uploads\\\/2024\\\/09\\\/Mas-Alla-de-la-Tasa-de-Interes-1-1080x640.png\"},{\"@type\":\"BreadcrumbList\",\"@id\":\"https:\\\/\\\/ratingspcr.com.mx\\\/ww2\\\/eventos\\\/#breadcrumb\",\"itemListElement\":[{\"@type\":\"ListItem\",\"position\":1,\"name\":\"Portada\",\"item\":\"https:\\\/\\\/ratingspcr.com.mx\\\/ww2\\\/\"},{\"@type\":\"ListItem\",\"position\":2,\"name\":\"Eventos\"}]},{\"@type\":\"WebSite\",\"@id\":\"https:\\\/\\\/ratingspcr.com.mx\\\/ww2\\\/#website\",\"url\":\"https:\\\/\\\/ratingspcr.com.mx\\\/ww2\\\/\",\"name\":\"PCR - Pacific Credit Rating - Calificadora de Riesgos\",\"description\":\"Soluciones para los mercados de capital globales que incorpora calificaciones de riesgos\",\"publisher\":{\"@id\":\"https:\\\/\\\/ratingspcr.com.mx\\\/ww2\\\/#organization\"},\"potentialAction\":[{\"@type\":\"SearchAction\",\"target\":{\"@type\":\"EntryPoint\",\"urlTemplate\":\"https:\\\/\\\/ratingspcr.com.mx\\\/ww2\\\/?s={search_term_string}\"},\"query-input\":{\"@type\":\"PropertyValueSpecification\",\"valueRequired\":true,\"valueName\":\"search_term_string\"}}],\"inLanguage\":\"es\"},{\"@type\":\"Organization\",\"@id\":\"https:\\\/\\\/ratingspcr.com.mx\\\/ww2\\\/#organization\",\"name\":\"PCR - Pacific Credit Rating - Calificadora de Riesgos\",\"url\":\"https:\\\/\\\/ratingspcr.com.mx\\\/ww2\\\/\",\"logo\":{\"@type\":\"ImageObject\",\"inLanguage\":\"es\",\"@id\":\"https:\\\/\\\/ratingspcr.com.mx\\\/ww2\\\/#\\\/schema\\\/logo\\\/image\\\/\",\"url\":\"https:\\\/\\\/ratingspcr.com.mx\\\/ww2\\\/wp-content\\\/uploads\\\/2024\\\/04\\\/PCRL.svg\",\"contentUrl\":\"https:\\\/\\\/ratingspcr.com.mx\\\/ww2\\\/wp-content\\\/uploads\\\/2024\\\/04\\\/PCRL.svg\",\"width\":4126,\"height\":1214,\"caption\":\"PCR - Pacific Credit Rating - Calificadora de Riesgos\"},\"image\":{\"@id\":\"https:\\\/\\\/ratingspcr.com.mx\\\/ww2\\\/#\\\/schema\\\/logo\\\/image\\\/\"},\"sameAs\":[\"https:\\\/\\\/www.youtube.com\\\/channel\\\/UC5UbKgLB-bzcpcp6eThxbdQ\",\"https:\\\/\\\/www.linkedin.com\\\/company\\\/pacific-credit-rating\"]}]}<\/script>\n<!-- \/ Yoast SEO plugin. -->","yoast_head_json":{"title":"Eventos - PCR - Pacific Credit Rating - Calificadora de Riesgos","robots":{"index":"index","follow":"follow","max-snippet":"max-snippet:-1","max-image-preview":"max-image-preview:large","max-video-preview":"max-video-preview:-1"},"canonical":"https:\/\/ratingspcr.com.mx\/ww2\/eventos\/","og_locale":"es_ES","og_type":"article","og_title":"Eventos - PCR - Pacific Credit Rating - Calificadora de Riesgos","og_description":"Actividades y eventos M\u00e1s all\u00e1 de la tasa de inter\u00e9s 19\/09\/2024Nos sentimos honrados de haber contado con la participac\u00f3n de nuestro presidente, Oscar Jasaui, quien present\u00f3 la ponencia \u00ab2024: M\u00e1s&hellip;Leer M\u00e1s Foro de Atracci\u00f3n de Nuevos Emisores 2024 18\/09\/2024Estamos a pocos d\u00edas para llevar a cabo el \u00abForo de Atracci\u00f3n de Nuevos Emisores 2024\u00bb en [&hellip;]","og_url":"https:\/\/ratingspcr.com.mx\/ww2\/eventos\/","og_site_name":"PCR - Pacific Credit Rating - Calificadora de Riesgos","article_modified_time":"2025-05-08T14:26:43+00:00","og_image":[{"url":"https:\/\/ratingspcr.com.mx\/ww2\/wp-content\/uploads\/2024\/09\/Mas-Alla-de-la-Tasa-de-Interes-1-1080x640.png","type":"","width":"","height":""}],"twitter_card":"summary_large_image","twitter_misc":{"Tiempo de lectura":"1 minuto"},"schema":{"@context":"https:\/\/schema.org","@graph":[{"@type":"WebPage","@id":"https:\/\/ratingspcr.com.mx\/ww2\/eventos\/","url":"https:\/\/ratingspcr.com.mx\/ww2\/eventos\/","name":"Eventos - PCR - Pacific Credit Rating - Calificadora de Riesgos","isPartOf":{"@id":"https:\/\/ratingspcr.com.mx\/ww2\/#website"},"primaryImageOfPage":{"@id":"https:\/\/ratingspcr.com.mx\/ww2\/eventos\/#primaryimage"},"image":{"@id":"https:\/\/ratingspcr.com.mx\/ww2\/eventos\/#primaryimage"},"thumbnailUrl":"https:\/\/ratingspcr.com.mx\/ww2\/wp-content\/uploads\/2024\/09\/Mas-Alla-de-la-Tasa-de-Interes-1-1080x640.png","datePublished":"2025-05-06T14:33:35+00:00","dateModified":"2025-05-08T14:26:43+00:00","breadcrumb":{"@id":"https:\/\/ratingspcr.com.mx\/ww2\/eventos\/#breadcrumb"},"inLanguage":"es","potentialAction":[{"@type":"ReadAction","target":["https:\/\/ratingspcr.com.mx\/ww2\/eventos\/"]}]},{"@type":"ImageObject","inLanguage":"es","@id":"https:\/\/ratingspcr.com.mx\/ww2\/eventos\/#primaryimage","url":"https:\/\/ratingspcr.com.mx\/ww2\/wp-content\/uploads\/2024\/09\/Mas-Alla-de-la-Tasa-de-Interes-1-1080x640.png","contentUrl":"https:\/\/ratingspcr.com.mx\/ww2\/wp-content\/uploads\/2024\/09\/Mas-Alla-de-la-Tasa-de-Interes-1-1080x640.png"},{"@type":"BreadcrumbList","@id":"https:\/\/ratingspcr.com.mx\/ww2\/eventos\/#breadcrumb","itemListElement":[{"@type":"ListItem","position":1,"name":"Portada","item":"https:\/\/ratingspcr.com.mx\/ww2\/"},{"@type":"ListItem","position":2,"name":"Eventos"}]},{"@type":"WebSite","@id":"https:\/\/ratingspcr.com.mx\/ww2\/#website","url":"https:\/\/ratingspcr.com.mx\/ww2\/","name":"PCR - Pacific Credit Rating - Calificadora de Riesgos","description":"Soluciones para los mercados de capital globales que incorpora calificaciones de riesgos","publisher":{"@id":"https:\/\/ratingspcr.com.mx\/ww2\/#organization"},"potentialAction":[{"@type":"SearchAction","target":{"@type":"EntryPoint","urlTemplate":"https:\/\/ratingspcr.com.mx\/ww2\/?s={search_term_string}"},"query-input":{"@type":"PropertyValueSpecification","valueRequired":true,"valueName":"search_term_string"}}],"inLanguage":"es"},{"@type":"Organization","@id":"https:\/\/ratingspcr.com.mx\/ww2\/#organization","name":"PCR - Pacific Credit Rating - Calificadora de Riesgos","url":"https:\/\/ratingspcr.com.mx\/ww2\/","logo":{"@type":"ImageObject","inLanguage":"es","@id":"https:\/\/ratingspcr.com.mx\/ww2\/#\/schema\/logo\/image\/","url":"https:\/\/ratingspcr.com.mx\/ww2\/wp-content\/uploads\/2024\/04\/PCRL.svg","contentUrl":"https:\/\/ratingspcr.com.mx\/ww2\/wp-content\/uploads\/2024\/04\/PCRL.svg","width":4126,"height":1214,"caption":"PCR - Pacific Credit Rating - Calificadora de Riesgos"},"image":{"@id":"https:\/\/ratingspcr.com.mx\/ww2\/#\/schema\/logo\/image\/"},"sameAs":["https:\/\/www.youtube.com\/channel\/UC5UbKgLB-bzcpcp6eThxbdQ","https:\/\/www.linkedin.com\/company\/pacific-credit-rating"]}]}},"jetpack_sharing_enabled":true,"_links":{"self":[{"href":"https:\/\/ratingspcr.com.mx\/ww2\/wp-json\/wp\/v2\/pages\/5675","targetHints":{"allow":["GET"]}}],"collection":[{"href":"https:\/\/ratingspcr.com.mx\/ww2\/wp-json\/wp\/v2\/pages"}],"about":[{"href":"https:\/\/ratingspcr.com.mx\/ww2\/wp-json\/wp\/v2\/types\/page"}],"author":[{"embeddable":true,"href":"https:\/\/ratingspcr.com.mx\/ww2\/wp-json\/wp\/v2\/users\/7"}],"replies":[{"embeddable":true,"href":"https:\/\/ratingspcr.com.mx\/ww2\/wp-json\/wp\/v2\/comments?post=5675"}],"version-history":[{"count":22,"href":"https:\/\/ratingspcr.com.mx\/ww2\/wp-json\/wp\/v2\/pages\/5675\/revisions"}],"predecessor-version":[{"id":5764,"href":"https:\/\/ratingspcr.com.mx\/ww2\/wp-json\/wp\/v2\/pages\/5675\/revisions\/5764"}],"wp:attachment":[{"href":"https:\/\/ratingspcr.com.mx\/ww2\/wp-json\/wp\/v2\/media?parent=5675"}],"curies":[{"name":"wp","href":"https:\/\/api.w.org\/{rel}","templated":true}]}}